{"id":148,"date":"2022-01-26T13:03:21","date_gmt":"2022-01-26T12:03:21","guid":{"rendered":"https:\/\/fop2022.pl\/?page_id=148"},"modified":"2022-01-26T13:55:57","modified_gmt":"2022-01-26T12:55:57","slug":"organizator","status":"publish","type":"page","link":"https:\/\/fop2022.ippez.pl\/index.php\/organizator\/","title":{"rendered":"ORGANIZATOR"},"content":{"rendered":"\n<p><strong>INSTYTUT PRAW PACJENTA I EDUKACJI ZDROWOTNEJ <\/strong>to powsta\u0142a w 2004 r. fundacja, powo\u0142ana przez ksi\u0119dza dr Arkadiusza Nowaka. Dzia\u0142alno\u015b\u0107 Instytutu jest przede wszystkim ukierunkowana na wspieranie rozwi\u0105za\u0144 systemowych d\u0105\u017c\u0105cych do poprawy sytuacji pacjent\u00f3w, zwi\u0119kszenia \u015bwiadomo\u015bci obywatelskiej w zakresie postaw prozdrowotnych oraz oddzia\u0142ywanie na kszta\u0142towanie polityki zdrowotnej pa\u0144stwa.&nbsp; Fundacja realizuje swoje zadania statutowe poprzez prowadzenie kampanii spo\u0142ecznych i edukacyjnych, organizowanie debat publicznych, konferencji oraz szkole\u0144. Instytut podejmuje r\u00f3wnie\u017c dzia\u0142ania na rzecz integracji \u015brodowiska organizacji pacjent\u00f3w oraz organizuje cykliczne spotkania z kluczowymi ekspertami w obszarze ochrony zdrowia, bierze czynny udzia\u0142 w konsultacjach spo\u0142ecznych, prowadzi rzecznictwo we wsp\u00f3\u0142pracy z organizacjami zrzeszaj\u0105cymi pacjent\u00f3w. Dzi\u0119ki utworzonej bazie organizacji pacjent\u00f3w, kt\u00f3ra zawiera obecnie ponad 500 podmiot\u00f3w. Zakres dzia\u0142alno\u015bci Instytutu obejmuje tak\u017ce doradztwo i wsparcie dla organizacji pozarz\u0105dowych dzia\u0142aj\u0105cych dla dobra pacjenta.<\/p>\n","protected":false},"excerpt":{"rendered":"<p>INSTYTUT PRAW PACJENTA I EDUKACJI ZDROWOTNEJ to powsta\u0142a w 2004 r. fundacja, powo\u0142ana przez ksi\u0119dza dr Arkadiusza Nowaka. Dzia\u0142alno\u015b\u0107 Instytutu jest przede wszystkim ukierunkowana na wspieranie rozwi\u0105za\u0144 systemowych d\u0105\u017c\u0105cych do &#8230;<\/p>\n","protected":false},"author":1,"featured_media":0,"parent":0,"menu_order":0,"comment_status":"closed","ping_status":"closed","template":"","meta":{"_coblocks_attr":"","_coblocks_dimensions":"","_coblocks_responsive_height":"","_coblocks_accordion_ie_support":"","_uag_custom_page_level_css":"","footnotes":""},"class_list":["post-148","page","type-page","status-publish","hentry"],"uagb_featured_image_src":{"full":false,"thumbnail":false,"medium":false,"medium_large":false,"large":false,"1536x1536":false,"2048x2048":false,"onepress-blog-small":false,"onepress-small":false,"onepress-medium":false},"uagb_author_info":{"display_name":"fopadmin22","author_link":"https:\/\/fop2022.ippez.pl\/index.php\/author\/fopadmin22\/"},"uagb_comment_info":0,"uagb_excerpt":"INSTYTUT PRAW PACJENTA I EDUKACJI ZDROWOTNEJ to powsta\u0142a w 2004 r. fundacja, powo\u0142ana przez ksi\u0119dza dr Arkadiusza Nowaka. Dzia\u0142alno\u015b\u0107 Instytutu jest przede wszystkim ukierunkowana na wspieranie rozwi\u0105za\u0144 systemowych d\u0105\u017c\u0105cych do ...","_links":{"self":[{"href":"https:\/\/fop2022.ippez.pl\/index.php\/wp-json\/wp\/v2\/pages\/148","targetHints":{"allow":["GET"]}}],"collection":[{"href":"https:\/\/fop2022.ippez.pl\/index.php\/wp-json\/wp\/v2\/pages"}],"about":[{"href":"https:\/\/fop2022.ippez.pl\/index.php\/wp-json\/wp\/v2\/types\/page"}],"author":[{"embeddable":true,"href":"https:\/\/fop2022.ippez.pl\/index.php\/wp-json\/wp\/v2\/users\/1"}],"replies":[{"embeddable":true,"href":"https:\/\/fop2022.ippez.pl\/index.php\/wp-json\/wp\/v2\/comments?post=148"}],"version-history":[{"count":2,"href":"https:\/\/fop2022.ippez.pl\/index.php\/wp-json\/wp\/v2\/pages\/148\/revisions"}],"predecessor-version":[{"id":154,"href":"https:\/\/fop2022.ippez.pl\/index.php\/wp-json\/wp\/v2\/pages\/148\/revisions\/154"}],"wp:attachment":[{"href":"https:\/\/fop2022.ippez.pl\/index.php\/wp-json\/wp\/v2\/media?parent=148"}],"curies":[{"name":"wp","href":"https:\/\/api.w.org\/{rel}","templated":true}]}}